igit of 426980211?
2
What is the thousands digit of 24759809?
9
What is the units digit of 386794592?
2
What is the thousands digit of 7269103070?
3
What is the ten millions digit of 65221942?
6
What is the units digit of 29512890?
0
What is the ten thousands digit of 494960582?
6
What is the thousands digit of 6438233492?
3
What is the hundred millions digit of 117525504?
1
What is the tens digit of 436688535?
3
What is the thousands digit of 353071821?
1
What is the thousands digit of 78370070?
0
What is the hundreds digit of 320473676?
6
What is the hundred millions digit of 230444657?
2
What is the thousands digit of 859389005?
9
What is the tens digit of 43597038?
3
What is the tens digit of 35375836?
3
What is the thousands digit of 233415300?
5
What is the tens digit of 4571944159?
5
What is the hundreds digit of 50340326?
3
What is the hundreds digit of 618321949?
9
What is the ten thousands digit of 475421481?
2
What is the ten thousands digit of 1139357861?
5
What is the hundred thousands digit of 284106863?
1
What is the hundreds digit of 21859064?
0
What is the thousands digit of 166234477?
4
What is the hundred thousands digit of 12482145?
4
What is the millions digit of 8112550149?
2
What is the hundred millions digit of 1758323843?
7
What is the ten millions digit of 227101990?
2
What is the hundreds digit of 340181046?
0
What is the units digit of 145510580?
0
What is the hundreds digit of 250107482?
4
What is the ten thousands digit of 5999874823?
7
What is the ten millions digit of 1735134465?
3
What is the ten thousands digit of 30986448?
8
What is the hundred millions digit of 141827534?
1
What is the tens digit of 214219451?
5
What is the units digit of 22725761?
1
What is the ten millions digit of 170201433?
7
What is the hundreds digit of 39596845?
8
What is the hundreds digit of 1539878112?
1
What is the thousands digit of 85903556?
3
What is the ten thousands digit of 169801340?
0
What is the ten thousands digit of 31233500?
3
What is the tens digit of 278708776?
7
What is the hundred millions digit of 1690261019?
6
What is the tens digit of 168284436?
3
What is the ten millions digit of 142721572?
4
What is the units digit of 59504943?
3
What is the tens digit of 167089496?
9
What is the millions digit of 3143080380?
3
What is the hundred thousands digit of 34764341?
7
What is the ten thousands digit of 629453468?
5
What is the tens digit of 21005089?
8
What is the hundred millions digit of 3161041776?
1
What is the ten millions digit of 207227586?
0
What is the billions digit of 3025044711?
3
What is the millions digit of 59957224?
9
What is the thousands digit of 2142799487?
9
What is the hundred millions digit of 334605176?
3
What is the billions digit of 2027299102?
2
What is the hundred thousands digit of 2648044?
6
What is the thousands digit of 898664710?
4
What is the ten thousands digit of 1357240126?
4
What is the thousands digit of 848398183?
8
What is the millions digit of 202611245?
2
What is the ten thousands digit of 220542563?
4
What is the tens digit of 2139929050?
5
What is the ten millions digit of 1915040064?
1
What is the millions digit of 2992792786?
2
What is the hundred thousands digit of 101579067?
5
What is the millions digit of 82770751?
2
What is the hundreds digit of 171935776?
7
What is the ten thousands digit of 1264044143?
4
What is the thousands digit of 3676414225?
4
What is the tens digit of 201926145?
4
What is the thousands digit of 79013637?
3
What is the thousands digit of 48457685?
7
What is the units digit of 244243379?
9
What is the millions digit of 904357176?
4
What is the thousands digit of 51558113?
8
What is the hundred millions digit of 554339121?
5
What is the tens digit of 79138982?
8
What is the ten thousands digit of 158417065?
1
What is the hundred thousands digit of 7421782174?
7
What is the ten thousands digit of 90874940?
7
What is the hundreds digit of 46523676?
6
What is the ten millions digit of 82326026?
8
What is the thousands digit of 172674391?
4
What is the millions digit of 161580221?
1
What is the hundreds digit of 2399484956?
9
What is the tens digit of 7868403475?
7
What is the thousands digit of 1391299?
1
What is the units digit of 1557077222?
2
What is the tens digit of 2743600953?
5
What is the hundred millions digit of 2628266347?
6
What is the billions digit of 1400912362?
1
What is the tens digit of 34436789?
8
What is the hundred thousands digit of 61303364?
3
What is the thousands digit of 127457865?
7
What is the millions digit of 62201858?
2
What is the hundreds digit of 1116739321?
3
What is the hundred millions digit of 510030328?
5
What is the units digit of 3528410064?
4
What is the tens digit of 2520267610?
1
What is the tens digit of 5438209005?
0
What is the tens digit of 513809484?
8
What is the millions digit of 102578923?
2
What is the hundreds digit of 240408371?
3
What is the ten millions digit of 92136700?
9
What is the ten millions digit of 2451498037?
5
What is the units digit of 1542433799?
9
What is the hundred millions digit of 1090872945?
0
What is the thousands digit of 583104850?
4
What is the thousands digit of 89305904?
5
What is the tens digit of 2396374?
7
What is the thousands digit of 59152912?
2
What is the hundred millions digit of 245588961?
2
What is the hundred thousands digit of 827721374?
7
What is the ten millions digit of 54116374?
5
What is the units digit of 16003998?
8
What is the thousands digit of 1510489920?
9
What is the tens digit of 316290?
9
What is the billions digit of 2726982531?
2
What is the millions digit of 251990121?
1
What is the hundred thousands digit of 4159722046?
7
What is the hundreds digit of 31402270?
2
What is the hundred thousands digit of 4162880284?
8
What is the ten millions digit of 32932252?
3
What is the hundreds digit of 5510275582?
5
What is the hundred millions digit of 328530077?
3
What is the tens digit of 54981228?
2
What is the units digit of 384494173?
3
What is the ten millions digit of 54645802?
5
What is the tens digit of 2313742912?
1
What is the hundreds digit of 54515771?
7
What is the hundred thousands digit of 3038447723?
4
What is the ten millions digit of 2140396635?
4
What is the ten thousands digit of 14950401?
5
What is the units digit of 225298641?
1
What is the millions digit of 221517939?
1
What is the millions digit of 34922849?
4
What is the hundreds digit of 62076829?
8
What is the hundred thousands digit of 902687875?
6
What is the ten thousands digit of 750761934?
6
What is the tens digit of 50831764?
6
What is the thousands digit of 2219953749?
3
What is the units digit of 135178161?
1
What is the units digit of 1260531622?
2
What is the hundred thousands digit of 458719755?
7
What is the ten millions digit of 214148947?
1
What is the ten millions digit of 250479454?
5
What is the thousands digit of 1018229781?
9
What is the ten millions digit of 613964463?
1
What is the ten thousands digit of 382396308?
9
What is the thousands digit of 129508630?
8
What is the hundreds digit of 536943267?
2
What is the hundred thousands digit of 5384992?
3
What is the tens digit of 179693428?
2
What is the millions digit of 75186549?
5
What is the ten thousands digit of 77997657?
9
What is the hundred thousands digit of 1217655363?
6
What is the ten thousands digit of 518834275?
3
What is the ten millions digit of 1221063481?
2
What is the hundreds digit of 131272052?
0
What is the ten thousands digit of 100018373?
1
What is the hundred thousands digit of 29402254?
4
What is the hundreds digit of 1700031281?
2
What is the hundreds digit of 1214133043?
0
What is the thousands digit of 419037314?
7
What is the millions digit of 44856402?
4
What is the units digit of 3209771577?
7
What is the tens digit of 283643835?
3
What is the ten millions digit of 4586945248?
8
What is the units digit of 51070878?
8
What is the millions digit of 347674503?
7
What is the units digit of 206002899?
9
What is the ten millions digit of 43478238?
4
What is the millions digit of 2030850181?
0
What is the ten thousands digit of 4347512543?
1
What is the millions digit of 1328251839?
8
What is the thousands digit of 1189544491?
4
What is the hundreds digit of 405018703?
7
Wha